d millions digit of 1953229190?
9
What is the units digit of 3420964823?
3
What is the hundreds digit of 77545587?
5
What is the hundreds digit of 184645567?
5
What is the ten thousands digit of 1036356355?
5
What is the hundred thousands digit of 18782750?
7
What is the ten millions digit of 134666490?
3
What is the ten millions digit of 6097439868?
9
What is the thousands digit of 633641745?
1
What is the hundred millions digit of 501529222?
5
What is the units digit of 4862583282?
2
What is the ten thousands digit of 66144042?
4
What is the ten millions digit of 202098056?
0
What is the millions digit of 195611806?
5
What is the thousands digit of 941384782?
4
What is the hundred millions digit of 1196052126?
1
What is the ten millions digit of 1656093381?
5
What is the ten millions digit of 182775287?
8
What is the thousands digit of 13460215?
0
What is the hundred thousands digit of 6161805618?
8
What is the millions digit of 49609986?
9
What is the thousands digit of 1035240310?
0
What is the hundred thousands digit of 1532548091?
5
What is the hundred millions digit of 4759100272?
7
What is the hundreds digit of 44674030?
0
What is the units digit of 654017239?
9
What is the hundred thousands digit of 64020377?
0
What is the thousands digit of 171795910?
5
What is the tens digit of 1295487302?
0
What is the hundred millions digit of 141630737?
1
What is the ten millions digit of 261801710?
6
What is the units digit of 857657225?
5
What is the tens digit of 511089940?
4
What is the hundred millions digit of 638141071?
6
What is the millions digit of 312488694?
2
What is the thousands digit of 193651651?
1
What is the hundreds digit of 83924665?
6
What is the units digit of 218840171?
1
What is the hundreds digit of 20965498?
4
What is the hundred millions digit of 693629431?
6
What is the hundred thousands digit of 15350881?
3
What is the millions digit of 275697867?
5
What is the hundred millions digit of 1236154607?
2
What is the tens digit of 299127071?
7
What is the thousands digit of 1619145758?
5
What is the millions digit of 166871281?
6
What is the millions digit of 55934834?
5
What is the units digit of 1032455754?
4
What is the millions digit of 176798829?
6
What is the thousands digit of 2463383605?
3
What is the ten millions digit of 320398738?
2
What is the thousands digit of 30468023?
8
What is the tens digit of 138310873?
7
What is the hundred millions digit of 7502428666?
5
What is the thousands digit of 844244791?
4
What is the thousands digit of 3851591300?
1
What is the hundreds digit of 84202571?
5
What is the hundred thousands digit of 173761193?
7
What is the ten millions digit of 2613995534?
1
What is the millions digit of 125767273?
5
What is the millions digit of 11614908?
1
What is the hundred millions digit of 210991417?
2
What is the units digit of 30770377?
7
What is the tens digit of 43258377?
7
What is the hundred thousands digit of 50136414?
1
What is the thousands digit of 50103635?
3
What is the hundred millions digit of 5001086272?
0
What is the tens digit of 64753701?
0
What is the hundred millions digit of 163753389?
1
What is the units digit of 186534920?
0
What is the hundred millions digit of 3090885037?
0
What is the hundred millions digit of 2465288502?
4
What is the thousands digit of 8746301197?
1
What is the tens digit of 116877541?
4
What is the units digit of 87340135?
5
What is the tens digit of 23254598?
9
What is the hundreds digit of 1209517927?
9
What is the thousands digit of 2356880422?
0
What is the billions digit of 1169590859?
1
What is the hundred millions digit of 195434142?
1
What is the hundred millions digit of 1230667116?
2
What is the thousands digit of 70055526?
5
What is the hundreds digit of 86591342?
3
What is the hundred thousands digit of 470187741?
1
What is the units digit of 474198503?
3
What is the hundreds digit of 257543462?
4
What is the ten thousands digit of 3897028?
9
What is the thousands digit of 1021851309?
1
What is the units digit of 55239441?
1
What is the millions digit of 963085813?
3
What is the hundred thousands digit of 102120523?
1
What is the ten thousands digit of 115071743?
7
What is the ten millions digit of 4311882957?
1
What is the ten millions digit of 337499693?
3
What is the hundreds digit of 1025902?
9
What is the hundred thousands digit of 65023374?
0
What is the tens digit of 254122016?
1
What is the hundreds digit of 17637510?
5
What is the ten millions digit of 437976305?
3
What is the tens digit of 22688304?
0
What is the hundred thousands digit of 66674421?
6
What is the units digit of 239433454?
4
What is the units digit of 822339695?
5
What is the hundred thousands digit of 24798267?
7
What is the units digit of 41373582?
2
What is the millions digit of 613947301?
3
What is the units digit of 500012498?
8
What is the hundred thousands digit of 38925807?
9
What is the millions digit of 39892667?
9
What is the hundred thousands digit of 233868306?
8
What is the thousands digit of 46202573?
2
What is the millions digit of 173190106?
3
What is the units digit of 30235979?
9
What is the ten millions digit of 500161153?
0
What is the hundreds digit of 69496498?
4
What is the hundred millions digit of 1309838502?
3
What is the millions digit of 670437911?
0
What is the hundred thousands digit of 55252029?
2
What is the ten millions digit of 158437810?
5
What is the units digit of 984130406?
6
What is the hundreds digit of 1276906989?
9
What is the hundred thousands digit of 431999232?
9
What is the units digit of 1216430432?
2
What is the hundreds digit of 1342720228?
2
What is the ten millions digit of 1136321213?
3
What is the millions digit of 165413278?
5
What is the hundred thousands digit of 267916501?
9
What is the tens digit of 1315213301?
0
What is the millions digit of 3592617?
3
What is the thousands digit of 250182938?
2
What is the ten thousands digit of 25818714?
1
What is the millions digit of 821198049?
1
What is the tens digit of 125917122?
2
What is the units digit of 27915243?
3
What is the millions digit of 887651826?
7
What is the ten thousands digit of 27526483?
2
What is the hundreds digit of 2369595480?
4
What is the ten thousands digit of 194896206?
9
What is the units digit of 28073215?
5
What is the units digit of 66325918?
8
What is the thousands digit of 170290282?
0
What is the ten thousands digit of 667486380?
8
What is the ten thousands digit of 2198121233?
2
What is the thousands digit of 25913138?
3
What is the tens digit of 1318177217?
1
What is the hundred thousands digit of 93308584?
3
What is the tens digit of 84779544?
4
What is the hundreds digit of 639028585?
5
What is the hundreds digit of 19259306?
3
What is the tens digit of 1879882824?
2
What is the tens digit of 1615956?
5
What is the ten millions digit of 11596250?
1
What is the hundred thousands digit of 16198831?
1
What is the tens digit of 9789766?
6
What is the units digit of 463854711?
1
What is the ten millions digit of 213029306?
1
What is the units digit of 38442681?
1
What is the units digit of 87265951?
1
What is the ten millions digit of 166499961?
6
What is the hundred thousands digit of 3172749679?
7
What is the billions digit of 1309053465?
1
What is the hundreds digit of 1125968331?
3
What is the thousands digit of 4632256447?
6
What is the millions digit of 278844687?
8
What is the millions digit of 15668973?
5
What is the millions digit of 111902846?
1
What is the ten millions digit of 67779449?
6
What is the hundred thousands digit of 1092358374?
3
What is the thousands digit of 32644329?
4
What is the ten millions digit of 109922382?
0
What is the tens digit of 4037418314?
1
What is the billions digit of 2609236041?
2
What is the hundred thousands digit of 250465171?
4
What is the ten thousands digit of 638095585?
9
What is the hundred thousands digit of 880454497?
4
What is the tens digit of 148488104?
0
What is the hundred thousands digit of 1707945628?
9
What is the units digit of 481563055?
5
What is the millions digit of 3385625669?
5
What is the hundreds digit of 231284837?
8
What is the tens digit of 33346692?
9
What is the ten thousands digit of 189665842?
6
What is the ten thousands digit of 96386680?
8
What